 + 7).
3
Evaluate (8 + -1 - (-96 - -100)) + -9.
-6
Calculate (-10 - 1) + (12 - (5 - -3)).
-7
Calculate (-3 + (-6 - -4) - -2) + 3.
0
Evaluate 19 + -17 - (4 - 6).
4
What is 11 - (4 + -9 - -10)?
6
What is 19 + 6 + (-11 - 9)?
5
Evaluate 3 + -1 + -2 - (-1 + 2).
-1
Evaluate 0 - -4 - (23 - 15 - 7).
3
Calculate 7 + (5 - 8) - (-1 + 2).
3
What is the value of 4 + -6 - (52 + -47)?
-7
What is (4 - 0) + (6 - 10) + 1?
1
Evaluate 2 - ((-3 - -4) + 6) - -4.
-1
1 + 2 + (9 - (7 - -4))
1
Calculate -1 - (0 + -1) - -2 - 5.
-3
Evaluate 4 + (-2 - (3 - -2)).
-3
Evaluate -8 - (-8 - -4 - -1).
-5
What is the value of 2 + (0 - (-6 - -6))?
2
Evaluate 8 + -3 - (-3 + 0 - 2).
10
7 - (14 + 4 + -17)
6
Evaluate 1 + 0 + -4 + 3 + 3.
3
-8 + 2 + 6 + -2
-2
Evaluate 6 + (-7 - -1) + 1.
1
Calculate -3 + (2 - 5) + 4.
-2
What is 2 - ((-3 - 7) + -4 - -7)?
9
What is -16 + 21 - (-4 - -13)?
-4
What is the value of (-5 - (-4 - -4)) + 5?
0
Calculate -18 + 3 + 23 + -13.
-5
What is the value of 12 + -21 - -17 - (5 + 1)?
2
What is -1 + (2 - (5 - 0))?
-4
Calculate (6 - 9) + 21 + -9.
9
Evaluate (-4 - ((-4 - 2) + 3)) + 5.
4
Calculate 0 - -3 - (20 + -12 - 1).
-4
What is -2 - -4 - (29 - 32)?
5
(-10 - -4) + 7 - (-1 + -1)
3
Evaluate 1 + (6 - 6 - -1).
2
Evaluate -11 - (-1 - (-4 + 9)).
-5
-4 + -1 - (-132 - -133)
-6
Evaluate 1 + 1 + 0 - (345 + -342).
-1
12 + -6 + -1 + 0
5
Calculate 3 + -1 - (5 - 1).
-2
What is the value of 8 + -11 + -7 + 6?
-4
Calculate -6 - 3 - -1 - -5 - 1.
-4
Evaluate 2 + -1 + (-10 + 1 - -5).
-3
What is -23 - -14 - (0 + -5)?
-4
Calculate 2 + -1 - -10 - 6.
5
What is the value of 3 - (-5 + 13 + (-14 - -4))?
5
What is the value of -7 + (3 - -4) + -2?
-2
Calculate 4 - ((-6 - -4 - 2) + 2).
6
3 - (-5 + -5 + 6)
7
20 - 17 - (1 - -2 - 1)
1
What is the value of -3 + (-9 - (-11 + 6))?
-7
Evaluate -8 + 5 + (-5 - -1).
-7
(6 + -4 - 3) + (-3 - -2)
-2
(7 - -1) + -4 - 10
-6
What is the value of 3 - 1 - (-6 - (-6 + 1))?
3
What is the value of 5 - (-2 + 11) - 1?
-5
Calculate -2 + 2 - (0 - (-1 + 2)).
1
-8 + 7 + 0 + 4
3
What is 3 - 2 - -4 - (-13 + 17)?
1
Evaluate -6 - -18 - 13 - (-8 + -1).
8
7 - (2 + (5 - 6) - 0)
6
What is the value of (0 - 3 - 2) + 3 + -1?
-3
Evaluate -1 + 5 - (8 + (-3 - 1)).
0
What is the value of 1 - (-5 + (-3 - -1) + 7)?
1
Calculate -4 + 12 - (-1 - (1 + -2)).
8
What is the value of 3 + -3 - (-2 - 3)?
5
What is the value of 54 + -56 + (0 - -1) + -1?
-2
What is 0 - -3 - (5 - (-2 - -7))?
3
What is 2 + -5 + 1 + -1?
-3
What is -2 + -2 + 0 + -5 + 15?
6
Evaluate 0 + 1 + 6 + -4 + 1.
4
7 + -19 + 13 + -2
-1
Calculate (0 - (2 - 1)) + 3.
2
Calculate (0 - (-2 + 2)) + -18 + 9.
-9
What is -2 - (-7 + -5 + 1)?
9
What is -6 + (-10 - -9) - -4?
-3
What is the value of -4 + (1 - (-7 + 3))?
1
Evaluate 12 + (2 - -3) + -13.
4
What is the value of 2 + -7 + 1 - -9?
5
Calculate 0 + (4 - (-2 - -6) - 7).
-7
What is the value of -5 + 4 + (-11 - -5)?
-7
Evaluate 0 + -3 + (2 - -11).
10
Evaluate -4 + -1 + (5 - -9).
9
Calculate (0 + -4 - -3) + (0 - 2).
-3
Calculate -4 + 7 - (-6 + (-1 - 0)).
10
Evaluate -7 - (11 + -33 + 13).
2
What is (-1 - (8 + 1)) + 3?
-7
-2 - (-3 + 4) - 2 - -3
-2
What is 3 + (-14 - -6) - (6 - 8)?
-3
0 + (-1 - (4 + -9))
4
Calculate (0 - -1) + 15 + (-35 - -18).
-1
6 - (-3 + -7 - -24)
-8
What is the value of 0 - 9 - -2 - -3?
-4
What is the value of -9 - ((10 - 8) + -16)?
5
What is 2 + 8 + -7 - 1?
2
Calculate 13 + (-3 - (2 + (3 - 4))).
9
Calculate (-2 - -5) + -2 - 4 - -3.
0
What is 8 + -1 + -1 + -1?
5
What is the value of -8 - (-7 + 5 - 4)?
-2
What is -4 + (-4 - -1) + (2 - -1)?
-4
-4 + 2 - (-5 - (3 + -2))
4
(-5 - -7) + 0 - 5
-3
6 - (-1 - -4) - 1 - 1
1
What is (-5 - 0) + (2 - (2 - 3))?
-2
Evaluate (0 + -6 + 4 - -3) + -7.
-6
What is the value of -3 - (10 - (-4 - -21))?
4
-5 + -7 - -10 - 8
-10
What is (-2 - 4) + 2 - (-2 - 1)?
-1
0 + (1 - 8) + 18 + -6
5
What is 4 + (0 - (1 - 0))?
3
What is the value of 1 + -1 + -2 + 5 + -3?
0
What is 1 + -4 - (6 - 6)?
-3
2 + 2 + -4 + 2
2
Evaluate 5 + -3 + -11 + 12.
3
What is 1 - (-6 + 3 + 8)?
-4
What is the value of -2 - (-6 - (5 + -5 + -5))?
-1
Calculate 0 - (1 + 0 + (-5 - -2)).
2
What is the value of -2 + 0 - (8 - 11)?
1
Evaluate -1 - (2 - -1) - (-10 - -14).
-8
-3 + (0 - (-4 - -1))
0
Evaluate 6 + (1 - 5) - -2 - 9.
-5
What is the value of -4 - (-14 + -4 - -7)?
7
Calculate -4 + 8 + (-2 - (2 + -4)).
4
-1 + -1 + 3 + 307 + -312
-4
Evaluate 3 + (-4 + -2 - (-4 - -2)).
-1
Calculate (5 - 2) + (-6 - -9) + -8.
-2
Evaluate (6 - (5 - -5)) + (0 - 0).
-4
What is the value of -103 + 109 - (9 + -1)?
-2
(3 - (-1 - 0)) + (-3 - -3)
4
Evaluate (-6 - -5) + -10 + 14.
3
-4 + 2 + 2 + -3
-3
What is 0 + (-3 - (-4 + 1))?
0
Calculate (3 - 2) + 0 - 2 - -6.
5
Evaluate -1 - (-2 + (-4 - -5)).
0
Calculate -2 - (-8 - -5) - (-1 + -1).
3
Calculate 4 + (-11 - (-11 - -7)) - -1.
-2
What is 7 + 0 + 5 + -1 - 4?
7
What is the value of -4 - (0 - (-2 + -2) - 8)?
0
Calculate (-52 - -45) + 9 + 1.
3
Calculate (-27 - -29) + (0 - (0 - -7)).
-5
Calculate 0 - (2 + 0 + 0 - -2).
-4
What is the value of -6 - -5 - (0 + -5)?
4
What is -2 - (-9 - (2 + (0 - 7)))?
2
Evaluate -2 + 2 + (-5 - -6).
1
Evaluate 5 + 0 - (-1 + 2).
4
What is (-13 - -6) + 8 + -6?
-5
What is the value of -2 + (2 - 1 - (-3 + -1))?
3
What is (-7 - 0) + -1 + (25 - 6)?
11
What is 19 - 17 - (0 + 0 + -2)?
4
What is the value of 6 - (1 - (-9 - 1))?
-5
What is 5 - (13 - 0 - 6 - 3)?
1
What is the value of 2 + (-5 - -2) + 3?
2
Calculate (-8 + -3 - -5) + 5.
-1
What is -1 + 5 + -2 - (-19 - -18)?
3
What is 10 - (2 - 1) - (187 + -183)?
5
What is the value of 10 + (-20 - -7) + (-1 - 0)?
-4
What is the value of 3 + 0 + (24 - 26)?
1
Evaluate 1 + 11 + -10 + 3.
5
Evaluate 0 - 1 - 3 - -7.
3
Evaluate 3 - 1 - (6 + -11 + 3).
4
-1 - 2 - (4 + -7)
0
What is (2 - -1 - 6) + 4 + 0?
1
What is 9 + -23 + 20 - (-3 + 2)?
7
-1 - (-2 + 2 + 7) - 1
-9
What is the value of 9 - 21 - (-2 - 6)?
-4
(-4 - -1) + -3 + (31 - 23)
2
Calculate -1 + -1 + 2 + -1.
-1
Calculate (2 - 2) + -5 - (-4 - -4).
-5
6 - (-4 + (10 - -2))
-2
7 + -14 + -1 + 5
-3
-2 + 8 - (-5 + 2 + 3)
6
What is 1 + 2 + (3 - 5)?
1
Calculate -6 + (4 - -2) - 5.
-5
What is the value of (8 - (9 - 8)) + 0?
7
What is the value of -137 + 139 + -1 + 3 + 1?
5
Calculate 0 - -2 - (5 + -9).
6
-26 - (-5 + -9) - (0 + -2)
-10
Calculate 2 - (1 + 12) - -4.
-7
What is the value of 1 - (0 + -1 + 4 + -3)?
1
What is the value of 1 + (-2 - 3) - -4?
0
Calculate (2 - 3) + -5 + 0 - -9.
3
What is -1 + -2 - (-2 + -2 - -5)?
-4
Calculate 0 + 16 + -8 - 4.
4
Evaluate 2 + (-4 - 2) + 6 + 2.
4
Calculate 0 + (2 - -1) + 0 + -6.
-3
What is the value of -2 + -6 + 2 + -2 + 5?
-3
0 + 1 + (3 - 5) + 3
2
(0 - -1 - (0 + 3)) + -1
-3
Evaluate (17 - 11) + 0 + -6.
0
Calculate (-2 - 0 - -3 - 0) + -2.
-1
-7 + -1 + 10 + (-6 - -1)
-3
What is -1 + 7 + -9 + 16 + -10?
3
What is the value of (-6 - (5 + -11)) + -3 + 9?
6
Evaluate -1 - -3 - (0 + (2 - 0)).
0
Calculate 34 + -27 - (3 + -1).
5
Evaluate -1 + (3 - 3) + (6 - 3).
2
What is 11 - (2 - (5 - 8)) - 10?
-4
Calculate (4 - 6 - -1) + -3 - 4.
-8
What is 1 - (-3 - (-1 + 0 + -1))?
2
What is the value of -7 + 7 + 12 + (9 - 16)?
5
What is -3 + 1 + (0 - 1) - -3?
0
(-1 - (2 + 1)) + (9 - 1)
4
-12 + 8 - (4 - 1) - -1
-6
Evaluate (-12 - -2) + 4 - (-2 - -1).
-5
What is the value of 0 + -1 + 2 + 2 + -4?
-1
What is (12 + -2 + -3 - -1) + -4?
4
What is the value of 0 + -2 + (8 - 13) + 5?
-2
What is -5 + (3 + 4 - 7)?
-5
Evaluate -3 - (3 - -5) - -5.
-6
Calculate -3 - (1 + -4 - (8 + -8)).
0
Calculate 10 + -13 + 5 + -3.
-1
What is 16 - (1 - -4 - 0) - 8?
3
3 - 0 - (7 - -1)
-5
-5 - (4 - (-1 + 4 + 3))
-3
5 + (-7 - -11 - 18) - -8
-1
Evaluate 1 - -2 - (4 + 1 - 3).
1
Evaluate -31 + 31 - (3 - -1).
-4
What is (5 - 3) + 21 + -21?
2
Evaluate -3 - (2 - (0 - -3)) - 1.
-3
Calculate -9 + (7 - -12) - 12.
-2
What is 3 - ((-4 - 1) + 14)?
-6
-4 + 3 + -2 + 2
-1
What is 0 + 6 + -5 + -10 + 6?
-3
Evaluate 1 - 4 - (10 + -10).
-3
0 + 2 + -2 - (-13 - -8)
5
What is 6 - (10 - ((3 - -4) + -1))?
2
Evaluate (5 - (3 + 5)) + 4.
1
Calculate 1 - (-9 + (1 - -1) + 3).
5
What is -2 + (-2 - ((-4 - -7) + -2))?
-5
1 + (11 - (7 - (0 - -3)))
8
Calculate (-1 + -2 - -2) + (48 - 48).
-1
Evaluate (-3 + -1 - 0) + (6 - 2).
0
Evaluate -10 + 3 + 12 - 14.
-9
Calculate 1 + -7 - (-11 - -10).
-5
What is 4 + (1 + -1 - (-21 - -22))?
3
Evaluate 0 - (-11 + 7 - -12) - -10.
2
1 - (-3 - 0 - 0)
4
Evaluate 7 + -1 + (-1 - 10).
-5
